{"id":14109,"date":"2023-02-13T17:52:31","date_gmt":"2023-02-13T17:52:31","guid":{"rendered":"http:\/\/www.peviconta.pt\/seguros\/?page_id=14109"},"modified":"2023-10-04T10:59:51","modified_gmt":"2023-10-04T10:59:51","slug":"politica-de-privacidade","status":"publish","type":"page","link":"http:\/\/www.peviconta.pt\/seguros\/politica-de-privacidade\/","title":{"rendered":"Pol\u00edtica de Privacidade"},"content":{"rendered":"","protected":false},"excerpt":{"rendered":"","protected":false},"author":1,"featured_media":0,"parent":0,"menu_order":0,"comment_status":"closed","ping_status":"closed","template":"","meta":{"inline_featured_image":false},"yoast_head":"<!-- This site is optimized with the Yoast SEO plugin v19.7.2 - https:\/\/yoast.com\/wordpress\/plugins\/seo\/ -->\n<title>Pol\u00edtica de Privacidade - Peviconta<\/title>\n<meta name=\"description\" content=\"A Peviconta adoptar\u00e1 todas as medidas necess\u00e1rias para garantir a seguran\u00e7a e integridade dos dados dos utilizadores.\" \/>\n<meta name=\"robots\" content=\"index, follow, max-snippet:-1, max-image-preview:large, max-video-preview:-1\" \/>\n<link rel=\"canonical\" href=\"http:\/\/www.peviconta.pt\/seguros\/politica-de-privacidade\/\" \/>\n<meta property=\"og:locale\" content=\"pt_PT\" \/>\n<meta property=\"og:type\" content=\"article\" \/>\n<meta property=\"og:title\" content=\"Pol\u00edtica de Privacidade - Peviconta\" \/>\n<meta property=\"og:description\" content=\"A Peviconta adoptar\u00e1 todas as medidas necess\u00e1rias para garantir a seguran\u00e7a e integridade dos dados dos utilizadores.\" \/>\n<meta property=\"og:url\" content=\"http:\/\/www.peviconta.pt\/seguros\/politica-de-privacidade\/\" \/>\n<meta property=\"og:site_name\" content=\"Peviconta\" \/>\n<meta property=\"article:modified_time\" content=\"2023-10-04T10:59:51+00:00\" \/>\n<meta name=\"twitter:card\" content=\"summary_large_image\" \/>\n<script type=\"application\/ld+json\" class=\"yoast-schema-graph\">{\"@context\":\"https:\/\/schema.org\",\"@graph\":[{\"@type\":\"WebPage\",\"@id\":\"http:\/\/www.peviconta.pt\/seguros\/politica-de-privacidade\/\",\"url\":\"http:\/\/www.peviconta.pt\/seguros\/politica-de-privacidade\/\",\"name\":\"Pol\u00edtica de Privacidade - Peviconta\",\"isPartOf\":{\"@id\":\"https:\/\/www.peviconta.pt\/seguros\/#website\"},\"datePublished\":\"2023-02-13T17:52:31+00:00\",\"dateModified\":\"2023-10-04T10:59:51+00:00\",\"description\":\"A Peviconta adoptar\u00e1 todas as medidas necess\u00e1rias para garantir a seguran\u00e7a e integridade dos dados dos utilizadores.\",\"breadcrumb\":{\"@id\":\"http:\/\/www.peviconta.pt\/seguros\/politica-de-privacidade\/#breadcrumb\"},\"inLanguage\":\"pt-PT\",\"potentialAction\":[{\"@type\":\"ReadAction\",\"target\":[\"http:\/\/www.peviconta.pt\/seguros\/politica-de-privacidade\/\"]}]},{\"@type\":\"BreadcrumbList\",\"@id\":\"http:\/\/www.peviconta.pt\/seguros\/politica-de-privacidade\/#breadcrumb\",\"itemListElement\":[{\"@type\":\"ListItem\",\"position\":1,\"name\":\"In\u00edcio\",\"item\":\"https:\/\/www.peviconta.pt\/seguros\/\"},{\"@type\":\"ListItem\",\"position\":2,\"name\":\"Pol\u00edtica de Privacidade\"}]},{\"@type\":\"WebSite\",\"@id\":\"https:\/\/www.peviconta.pt\/seguros\/#website\",\"url\":\"https:\/\/www.peviconta.pt\/seguros\/\",\"name\":\"Peviconta\",\"description\":\"Media\u00e7\u00e3o de Seguros\",\"publisher\":{\"@id\":\"https:\/\/www.peviconta.pt\/seguros\/#organization\"},\"potentialAction\":[{\"@type\":\"SearchAction\",\"target\":{\"@type\":\"EntryPoint\",\"urlTemplate\":\"https:\/\/www.peviconta.pt\/seguros\/?s={search_term_string}\"},\"query-input\":\"required name=search_term_string\"}],\"inLanguage\":\"pt-PT\"},{\"@type\":\"Organization\",\"@id\":\"https:\/\/www.peviconta.pt\/seguros\/#organization\",\"name\":\"Peviconta\",\"url\":\"https:\/\/www.peviconta.pt\/seguros\/\",\"sameAs\":[],\"logo\":{\"@type\":\"ImageObject\",\"inLanguage\":\"pt-PT\",\"@id\":\"https:\/\/www.peviconta.pt\/seguros\/#\/schema\/logo\/image\/\",\"url\":\"http:\/\/www.peviconta.pt\/seguros\/wp-content\/uploads\/2023\/02\/email_logo.png\",\"contentUrl\":\"http:\/\/www.peviconta.pt\/seguros\/wp-content\/uploads\/2023\/02\/email_logo.png\",\"width\":275,\"height\":67,\"caption\":\"Peviconta\"},\"image\":{\"@id\":\"https:\/\/www.peviconta.pt\/seguros\/#\/schema\/logo\/image\/\"}}]}<\/script>\n<!-- \/ Yoast SEO plugin. -->","yoast_head_json":{"title":"Pol\u00edtica de Privacidade - Peviconta","description":"A Peviconta adoptar\u00e1 todas as medidas necess\u00e1rias para garantir a seguran\u00e7a e integridade dos dados dos utilizadores.","robots":{"index":"index","follow":"follow","max-snippet":"max-snippet:-1","max-image-preview":"max-image-preview:large","max-video-preview":"max-video-preview:-1"},"canonical":"http:\/\/www.peviconta.pt\/seguros\/politica-de-privacidade\/","og_locale":"pt_PT","og_type":"article","og_title":"Pol\u00edtica de Privacidade - Peviconta","og_description":"A Peviconta adoptar\u00e1 todas as medidas necess\u00e1rias para garantir a seguran\u00e7a e integridade dos dados dos utilizadores.","og_url":"http:\/\/www.peviconta.pt\/seguros\/politica-de-privacidade\/","og_site_name":"Peviconta","article_modified_time":"2023-10-04T10:59:51+00:00","twitter_card":"summary_large_image","schema":{"@context":"https:\/\/schema.org","@graph":[{"@type":"WebPage","@id":"http:\/\/www.peviconta.pt\/seguros\/politica-de-privacidade\/","url":"http:\/\/www.peviconta.pt\/seguros\/politica-de-privacidade\/","name":"Pol\u00edtica de Privacidade - Peviconta","isPartOf":{"@id":"https:\/\/www.peviconta.pt\/seguros\/#website"},"datePublished":"2023-02-13T17:52:31+00:00","dateModified":"2023-10-04T10:59:51+00:00","description":"A Peviconta adoptar\u00e1 todas as medidas necess\u00e1rias para garantir a seguran\u00e7a e integridade dos dados dos utilizadores.","breadcrumb":{"@id":"http:\/\/www.peviconta.pt\/seguros\/politica-de-privacidade\/#breadcrumb"},"inLanguage":"pt-PT","potentialAction":[{"@type":"ReadAction","target":["http:\/\/www.peviconta.pt\/seguros\/politica-de-privacidade\/"]}]},{"@type":"BreadcrumbList","@id":"http:\/\/www.peviconta.pt\/seguros\/politica-de-privacidade\/#breadcrumb","itemListElement":[{"@type":"ListItem","position":1,"name":"In\u00edcio","item":"https:\/\/www.peviconta.pt\/seguros\/"},{"@type":"ListItem","position":2,"name":"Pol\u00edtica de Privacidade"}]},{"@type":"WebSite","@id":"https:\/\/www.peviconta.pt\/seguros\/#website","url":"https:\/\/www.peviconta.pt\/seguros\/","name":"Peviconta","description":"Media\u00e7\u00e3o de Seguros","publisher":{"@id":"https:\/\/www.peviconta.pt\/seguros\/#organization"},"potentialAction":[{"@type":"SearchAction","target":{"@type":"EntryPoint","urlTemplate":"https:\/\/www.peviconta.pt\/seguros\/?s={search_term_string}"},"query-input":"required name=search_term_string"}],"inLanguage":"pt-PT"},{"@type":"Organization","@id":"https:\/\/www.peviconta.pt\/seguros\/#organization","name":"Peviconta","url":"https:\/\/www.peviconta.pt\/seguros\/","sameAs":[],"logo":{"@type":"ImageObject","inLanguage":"pt-PT","@id":"https:\/\/www.peviconta.pt\/seguros\/#\/schema\/logo\/image\/","url":"http:\/\/www.peviconta.pt\/seguros\/wp-content\/uploads\/2023\/02\/email_logo.png","contentUrl":"http:\/\/www.peviconta.pt\/seguros\/wp-content\/uploads\/2023\/02\/email_logo.png","width":275,"height":67,"caption":"Peviconta"},"image":{"@id":"https:\/\/www.peviconta.pt\/seguros\/#\/schema\/logo\/image\/"}}]}},"_links":{"self":[{"href":"http:\/\/www.peviconta.pt\/seguros\/wp-json\/wp\/v2\/pages\/14109"}],"collection":[{"href":"http:\/\/www.peviconta.pt\/seguros\/wp-json\/wp\/v2\/pages"}],"about":[{"href":"http:\/\/www.peviconta.pt\/seguros\/wp-json\/wp\/v2\/types\/page"}],"author":[{"embeddable":true,"href":"http:\/\/www.peviconta.pt\/seguros\/wp-json\/wp\/v2\/users\/1"}],"replies":[{"embeddable":true,"href":"http:\/\/www.peviconta.pt\/seguros\/wp-json\/wp\/v2\/comments?post=14109"}],"version-history":[{"count":0,"href":"http:\/\/www.peviconta.pt\/seguros\/wp-json\/wp\/v2\/pages\/14109\/revisions"}],"wp:attachment":[{"href":"http:\/\/www.peviconta.pt\/seguros\/wp-json\/wp\/v2\/media?parent=14109"}],"curies":[{"name":"wp","href":"https:\/\/api.w.org\/{rel}","templated":true}]}}