{"id":13884,"date":"2022-08-19T15:05:13","date_gmt":"2022-08-19T15:05:13","guid":{"rendered":"http:\/\/www.peviconta.pt\/seguros\/?page_id=13884"},"modified":"2023-10-24T14:51:50","modified_gmt":"2023-10-24T14:51:50","slug":"saude-2","status":"publish","type":"page","link":"http:\/\/www.peviconta.pt\/seguros\/particulares\/saude-2\/","title":{"rendered":"Sa\u00fade"},"content":{"rendered":"","protected":false},"excerpt":{"rendered":"","protected":false},"author":1,"featured_media":0,"parent":12682,"menu_order":0,"comment_status":"closed","ping_status":"closed","template":"","meta":{"inline_featured_image":false},"yoast_head":"<!-- This site is optimized with the Yoast SEO plugin v19.7.2 - https:\/\/yoast.com\/wordpress\/plugins\/seo\/ -->\n<title>Sa\u00fade - Peviconta<\/title>\n<meta name=\"description\" content=\"O Seguro de Sa\u00fade destina-se a quem quer aumentar a sua prote\u00e7\u00e3o e ter um acesso mais r\u00e1pido e \u00e1gil a cuidados de sa\u00fade.\" \/>\n<meta name=\"robots\" content=\"index, follow, max-snippet:-1, max-image-preview:large, max-video-preview:-1\" \/>\n<link rel=\"canonical\" href=\"http:\/\/www.peviconta.pt\/seguros\/particulares\/saude-2\/\" \/>\n<meta property=\"og:locale\" content=\"pt_PT\" \/>\n<meta property=\"og:type\" content=\"article\" \/>\n<meta property=\"og:title\" content=\"Sa\u00fade - Peviconta\" \/>\n<meta property=\"og:description\" content=\"O Seguro de Sa\u00fade destina-se a quem quer aumentar a sua prote\u00e7\u00e3o e ter um acesso mais r\u00e1pido e \u00e1gil a cuidados de sa\u00fade.\" \/>\n<meta property=\"og:url\" content=\"http:\/\/www.peviconta.pt\/seguros\/particulares\/saude-2\/\" \/>\n<meta property=\"og:site_name\" content=\"Peviconta\" \/>\n<meta property=\"article:modified_time\" content=\"2023-10-24T14:51:50+00:00\" \/>\n<meta name=\"twitter:card\" content=\"summary_large_image\" \/>\n<script type=\"application\/ld+json\" class=\"yoast-schema-graph\">{\"@context\":\"https:\/\/schema.org\",\"@graph\":[{\"@type\":\"WebPage\",\"@id\":\"http:\/\/www.peviconta.pt\/seguros\/particulares\/saude-2\/\",\"url\":\"http:\/\/www.peviconta.pt\/seguros\/particulares\/saude-2\/\",\"name\":\"Sa\u00fade - Peviconta\",\"isPartOf\":{\"@id\":\"https:\/\/www.peviconta.pt\/seguros\/#website\"},\"datePublished\":\"2022-08-19T15:05:13+00:00\",\"dateModified\":\"2023-10-24T14:51:50+00:00\",\"description\":\"O Seguro de Sa\u00fade destina-se a quem quer aumentar a sua prote\u00e7\u00e3o e ter um acesso mais r\u00e1pido e \u00e1gil a cuidados de sa\u00fade.\",\"breadcrumb\":{\"@id\":\"http:\/\/www.peviconta.pt\/seguros\/particulares\/saude-2\/#breadcrumb\"},\"inLanguage\":\"pt-PT\",\"potentialAction\":[{\"@type\":\"ReadAction\",\"target\":[\"http:\/\/www.peviconta.pt\/seguros\/particulares\/saude-2\/\"]}]},{\"@type\":\"BreadcrumbList\",\"@id\":\"http:\/\/www.peviconta.pt\/seguros\/particulares\/saude-2\/#breadcrumb\",\"itemListElement\":[{\"@type\":\"ListItem\",\"position\":1,\"name\":\"In\u00edcio\",\"item\":\"https:\/\/www.peviconta.pt\/seguros\/\"},{\"@type\":\"ListItem\",\"position\":2,\"name\":\"Particulares\",\"item\":\"http:\/\/www.peviconta.pt\/seguros\/particulares\/\"},{\"@type\":\"ListItem\",\"position\":3,\"name\":\"Sa\u00fade\"}]},{\"@type\":\"WebSite\",\"@id\":\"https:\/\/www.peviconta.pt\/seguros\/#website\",\"url\":\"https:\/\/www.peviconta.pt\/seguros\/\",\"name\":\"Peviconta\",\"description\":\"Media\u00e7\u00e3o de Seguros\",\"publisher\":{\"@id\":\"https:\/\/www.peviconta.pt\/seguros\/#organization\"},\"potentialAction\":[{\"@type\":\"SearchAction\",\"target\":{\"@type\":\"EntryPoint\",\"urlTemplate\":\"https:\/\/www.peviconta.pt\/seguros\/?s={search_term_string}\"},\"query-input\":\"required name=search_term_string\"}],\"inLanguage\":\"pt-PT\"},{\"@type\":\"Organization\",\"@id\":\"https:\/\/www.peviconta.pt\/seguros\/#organization\",\"name\":\"Peviconta\",\"url\":\"https:\/\/www.peviconta.pt\/seguros\/\",\"sameAs\":[],\"logo\":{\"@type\":\"ImageObject\",\"inLanguage\":\"pt-PT\",\"@id\":\"https:\/\/www.peviconta.pt\/seguros\/#\/schema\/logo\/image\/\",\"url\":\"http:\/\/www.peviconta.pt\/seguros\/wp-content\/uploads\/2023\/02\/email_logo.png\",\"contentUrl\":\"http:\/\/www.peviconta.pt\/seguros\/wp-content\/uploads\/2023\/02\/email_logo.png\",\"width\":275,\"height\":67,\"caption\":\"Peviconta\"},\"image\":{\"@id\":\"https:\/\/www.peviconta.pt\/seguros\/#\/schema\/logo\/image\/\"}}]}<\/script>\n<!-- \/ Yoast SEO plugin. -->","yoast_head_json":{"title":"Sa\u00fade - Peviconta","description":"O Seguro de Sa\u00fade destina-se a quem quer aumentar a sua prote\u00e7\u00e3o e ter um acesso mais r\u00e1pido e \u00e1gil a cuidados de sa\u00fade.","robots":{"index":"index","follow":"follow","max-snippet":"max-snippet:-1","max-image-preview":"max-image-preview:large","max-video-preview":"max-video-preview:-1"},"canonical":"http:\/\/www.peviconta.pt\/seguros\/particulares\/saude-2\/","og_locale":"pt_PT","og_type":"article","og_title":"Sa\u00fade - Peviconta","og_description":"O Seguro de Sa\u00fade destina-se a quem quer aumentar a sua prote\u00e7\u00e3o e ter um acesso mais r\u00e1pido e \u00e1gil a cuidados de sa\u00fade.","og_url":"http:\/\/www.peviconta.pt\/seguros\/particulares\/saude-2\/","og_site_name":"Peviconta","article_modified_time":"2023-10-24T14:51:50+00:00","twitter_card":"summary_large_image","schema":{"@context":"https:\/\/schema.org","@graph":[{"@type":"WebPage","@id":"http:\/\/www.peviconta.pt\/seguros\/particulares\/saude-2\/","url":"http:\/\/www.peviconta.pt\/seguros\/particulares\/saude-2\/","name":"Sa\u00fade - Peviconta","isPartOf":{"@id":"https:\/\/www.peviconta.pt\/seguros\/#website"},"datePublished":"2022-08-19T15:05:13+00:00","dateModified":"2023-10-24T14:51:50+00:00","description":"O Seguro de Sa\u00fade destina-se a quem quer aumentar a sua prote\u00e7\u00e3o e ter um acesso mais r\u00e1pido e \u00e1gil a cuidados de sa\u00fade.","breadcrumb":{"@id":"http:\/\/www.peviconta.pt\/seguros\/particulares\/saude-2\/#breadcrumb"},"inLanguage":"pt-PT","potentialAction":[{"@type":"ReadAction","target":["http:\/\/www.peviconta.pt\/seguros\/particulares\/saude-2\/"]}]},{"@type":"BreadcrumbList","@id":"http:\/\/www.peviconta.pt\/seguros\/particulares\/saude-2\/#breadcrumb","itemListElement":[{"@type":"ListItem","position":1,"name":"In\u00edcio","item":"https:\/\/www.peviconta.pt\/seguros\/"},{"@type":"ListItem","position":2,"name":"Particulares","item":"http:\/\/www.peviconta.pt\/seguros\/particulares\/"},{"@type":"ListItem","position":3,"name":"Sa\u00fade"}]},{"@type":"WebSite","@id":"https:\/\/www.peviconta.pt\/seguros\/#website","url":"https:\/\/www.peviconta.pt\/seguros\/","name":"Peviconta","description":"Media\u00e7\u00e3o de Seguros","publisher":{"@id":"https:\/\/www.peviconta.pt\/seguros\/#organization"},"potentialAction":[{"@type":"SearchAction","target":{"@type":"EntryPoint","urlTemplate":"https:\/\/www.peviconta.pt\/seguros\/?s={search_term_string}"},"query-input":"required name=search_term_string"}],"inLanguage":"pt-PT"},{"@type":"Organization","@id":"https:\/\/www.peviconta.pt\/seguros\/#organization","name":"Peviconta","url":"https:\/\/www.peviconta.pt\/seguros\/","sameAs":[],"logo":{"@type":"ImageObject","inLanguage":"pt-PT","@id":"https:\/\/www.peviconta.pt\/seguros\/#\/schema\/logo\/image\/","url":"http:\/\/www.peviconta.pt\/seguros\/wp-content\/uploads\/2023\/02\/email_logo.png","contentUrl":"http:\/\/www.peviconta.pt\/seguros\/wp-content\/uploads\/2023\/02\/email_logo.png","width":275,"height":67,"caption":"Peviconta"},"image":{"@id":"https:\/\/www.peviconta.pt\/seguros\/#\/schema\/logo\/image\/"}}]}},"_links":{"self":[{"href":"http:\/\/www.peviconta.pt\/seguros\/wp-json\/wp\/v2\/pages\/13884"}],"collection":[{"href":"http:\/\/www.peviconta.pt\/seguros\/wp-json\/wp\/v2\/pages"}],"about":[{"href":"http:\/\/www.peviconta.pt\/seguros\/wp-json\/wp\/v2\/types\/page"}],"author":[{"embeddable":true,"href":"http:\/\/www.peviconta.pt\/seguros\/wp-json\/wp\/v2\/users\/1"}],"replies":[{"embeddable":true,"href":"http:\/\/www.peviconta.pt\/seguros\/wp-json\/wp\/v2\/comments?post=13884"}],"version-history":[{"count":3,"href":"http:\/\/www.peviconta.pt\/seguros\/wp-json\/wp\/v2\/pages\/13884\/revisions"}],"predecessor-version":[{"id":16264,"href":"http:\/\/www.peviconta.pt\/seguros\/wp-json\/wp\/v2\/pages\/13884\/revisions\/16264"}],"up":[{"embeddable":true,"href":"http:\/\/www.peviconta.pt\/seguros\/wp-json\/wp\/v2\/pages\/12682"}],"wp:attachment":[{"href":"http:\/\/www.peviconta.pt\/seguros\/wp-json\/wp\/v2\/media?parent=13884"}],"curies":[{"name":"wp","href":"https:\/\/api.w.org\/{rel}","templated":true}]}}

Saúde

<!-- This site is optimized with the Yoast SEO plugin v19.7.2 - https://yoast.com/wordpress/plugins/seo/ -->
<title>Saúde - Peviconta</title>
<meta name="description" content="O Seguro de Saúde destina-se a quem quer aumentar a sua proteção e ter um acesso mais rápido e ágil a cuidados de saúde." />
<meta name="robots" content="index, follow, max-snippet:-1, max-image-preview:large, max-video-preview:-1" />
<link rel="canonical" href="http://www.peviconta.pt/seguros/particulares/saude-2/" />
<meta property="og:locale" content="pt_PT" />
<meta property="og:type" content="article" />
<meta property="og:title" content="Saúde - Peviconta" />
<meta property="og:description" content="O Seguro de Saúde destina-se a quem quer aumentar a sua proteção e ter um acesso mais rápido e ágil a cuidados de saúde." />
<meta property="og:url" content="http://www.peviconta.pt/seguros/particulares/saude-2/" />
<meta property="og:site_name" content="Peviconta" />
<meta property="article:modified_time" content="2023-10-24T14:51:50+00:00" />
<meta name="twitter:card" content="summary_large_image" />
<script type="application/ld+json" class="yoast-schema-graph">{"@context":"https://schema.org","@graph":[{"@type":"WebPage","@id":"http://www.peviconta.pt/seguros/particulares/saude-2/","url":"http://www.peviconta.pt/seguros/particulares/saude-2/","name":"Saúde - Peviconta","isPartOf":{"@id":"https://www.peviconta.pt/seguros/#website"},"datePublished":"2022-08-19T15:05:13+00:00","dateModified":"2023-10-24T14:51:50+00:00","description":"O Seguro de Saúde destina-se a quem quer aumentar a sua proteção e ter um acesso mais rápido e ágil a cuidados de saúde.","breadcrumb":{"@id":"http://www.peviconta.pt/seguros/particulares/saude-2/#breadcrumb"},"inLanguage":"pt-PT","potentialAction":[{"@type":"ReadAction","target":["http://www.peviconta.pt/seguros/particulares/saude-2/"]}]},{"@type":"BreadcrumbList","@id":"http://www.peviconta.pt/seguros/particulares/saude-2/#breadcrumb","itemListElement":[{"@type":"ListItem","position":1,"name":"Início","item":"https://www.peviconta.pt/seguros/"},{"@type":"ListItem","position":2,"name":"Particulares","item":"http://www.peviconta.pt/seguros/particulares/"},{"@type":"ListItem","position":3,"name":"Saúde"}]},{"@type":"WebSite","@id":"https://www.peviconta.pt/seguros/#website","url":"https://www.peviconta.pt/seguros/","name":"Peviconta","description":"Mediação de Seguros","publisher":{"@id":"https://www.peviconta.pt/seguros/#organization"},"potentialAction":[{"@type":"SearchAction","target":{"@type":"EntryPoint","urlTemplate":"https://www.peviconta.pt/seguros/?s={search_term_string}"},"query-input":"required name=search_term_string"}],"inLanguage":"pt-PT"},{"@type":"Organization","@id":"https://www.peviconta.pt/seguros/#organization","name":"Peviconta","url":"https://www.peviconta.pt/seguros/","sameAs":[],"logo":{"@type":"ImageObject","inLanguage":"pt-PT","@id":"https://www.peviconta.pt/seguros/#/schema/logo/image/","url":"http://www.peviconta.pt/seguros/wp-content/uploads/2023/02/email_logo.png","contentUrl":"http://www.peviconta.pt/seguros/wp-content/uploads/2023/02/email_logo.png","width":275,"height":67,"caption":"Peviconta"},"image":{"@id":"https://www.peviconta.pt/seguros/#/schema/logo/image/"}}]}</script>
<!-- / Yoast SEO plugin. -->

Saúde - Peviconta

O Seguro de Saúde destina-se a quem quer aumentar a sua proteção e ter um acesso mais rápido e ágil a cuidados de saúde.

Início

Mediação de Seguros
